c**3 - 2*c**2 - c - 1. Calculate b(-1).
2
Let v(l) = 20*l - 86. Calculate v(4).
-6
Let g(z) = -2*z - 9. Give g(-5).
1
Let a(r) = -10*r**3 + r**2 + 2*r + 1. Determine a(-1).
10
Let s(f) = -f**3 - 6*f**2 - 5*f - 4. Determine s(-4).
-16
Let b(n) = 78*n**2 + 2*n. Give b(1).
80
Let g(f) = 2*f**3 + 23*f**2 + 9*f - 22. Determine g(-11).
0
Let f(n) = n**2 + 47*n - 151. Give f(-50).
-1
Let z(f) = 9*f**3 - f**2 + f. Give z(1).
9
Let k(t) = t**3 + 3*t**2 - 3*t - 8. What is k(-6)?
-98
Let s(f) = -f**2 - 10*f - 7. Calculate s(-6).
17
Let k(y) = -y**3 + 4*y**2 - 6*y. Give k(3).
-9
Let n(b) = -4*b**2 - 1. Determine n(2).
-17
Let y(i) = 53*i - 166. Give y(3).
-7
Let p(u) = -u**3 - 5*u**2 - 7*u - 25. What is p(-5)?
10
Let w(v) = -v**3 - 7*v**2 - 13*v - 1. Determine w(-3).
2
Let s(y) = 8*y - 2. Determine s(1).
6
Let q(h) = -26*h - 141. Determine q(-6).
15
Let a(t) = 3*t**2 + t. Give a(-3).
24
Let i(r) = 44*r + 3. Calculate i(2).
91
Let h(s) = -s**3 - 4*s**2 + 3*s. What is h(-4)?
-12
Let f(v) = v - 8. Give f(11).
3
Let q(o) = o**2 + 10*o - 2. Give q(-12).
22
Let h(z) = -z**2 + 4*z - 8. Determine h(-5).
-53
Let r(u) = 7*u**3 - 2*u**2 + u. Determine r(1).
6
Let m(k) = k**2 + 8*k + 7. Give m(-8).
7
Let v(b) = b + 3. Determine v(11).
14
Let o(v) = -30*v - 622. Calculate o(-21).
8
Let l(f) = -27*f - 19. Determine l(-6).
143
Let l(b) = b**2 - 3*b + 1. Calculate l(4).
5
Let v(r) = 3*r**2 + 5*r - 9. Determine v(-5).
41
Let l(p) = p**3 + 3*p**2 - 4*p + 4. Give l(3).
46
Let r(f) = f**3 - 5*f**2 - 8*f + 2. Calculate r(6).
-10
Let f(y) = -44*y + 218. Give f(5).
-2
Let b(j) = j**3 + 6*j**2 + 5*j + 3. Give b(-5).
3
Let p(o) = 2*o - 1. Give p(6).
11
Let l(x) = -54*x - 162. Determine l(-3).
0
Let m(v) = v**3 + 4*v**2 - 4*v + 1. What is m(-5)?
-4
Let c(x) = x**3 + 6*x**2 + x + 7. Give c(-6).
1
Let m(a) = a**3 - 4*a**2 + 6*a - 4. Calculate m(4).
20
Let z(c) = -c**3 - 3*c**2 + c + 3. Determine z(-3).
0
Let x(t) = -2*t**2 + 13*t + 2. Determine x(10).
-68
Let q(k) = 9*k + 90. Give q(-10).
0
Let v(s) = -s**2 + 8*s + 14. Give v(12).
-34
Let s(o) = -o**3 - 9*o**2 + 9*o - 2. Calculate s(-10).
8
Let n(l) = 4*l**2 + 25*l - 3. Give n(-6).
-9
Let k(d) = 3*d**3 - 2*d**2 + d + 3. Give k(2).
21
Let g(v) = v**2 + 10*v + 28. Determine g(-7).
7
Let l(s) = s**2 + 9*s + 5. Calculate l(-6).
-13
Let t(a) = -7*a - 4. Determine t(-6).
38
Let a(d) = -2*d**2 + 7*d + 23. Calculate a(6).
-7
Let k(y) = y**3 + 16*y**2 + 28*y + 2. Calculate k(-14).
2
Let s(b) = 3*b**3 + b**2 - b - 2. Determine s(-2).
-20
Let i(g) = 2*g**2 - 22*g - 21. Calculate i(12).
3
Let n(y) = -24*y - 433. Give n(-18).
-1
Let a(j) = -2*j**2 + 2*j - 19. Calculate a(0).
-19
Let r(u) = u**3 - 5*u**2 - 7*u + 6. What is r(6)?
0
Let q(y) = 2*y**2 + 12*y - 4. What is q(-4)?
-20
Let t(z) = -z**3 + 3*z**2 + 8*z. What is t(5)?
-10
Let t(l) = 4*l**2 - 34*l + 43. What is t(7)?
1
Let u(z) = z**3 - z**2 - z + 2. Give u(0).
2
Let c(s) = s + 2. Give c(8).
10
Let p(r) = -9*r - 3. Determine p(-2).
15
Let y(s) = -2*s**2 - 49*s + 19. Determine y(-24).
43
Let u(l) = -l - 4. Determine u(2).
-6
Let s(d) = -d**2 - 12*d - 5. What is s(-12)?
-5
Let a(t) = -t**3 + 3*t**2 + t - 7. Give a(3).
-4
Let g(u) = 2*u**3 - 4*u**2 - 4*u. Determine g(-1).
-2
Let s(h) = h**2 + 13*h - 129. What is s(-19)?
-15
Let j(d) = 39*d - 284. What is j(7)?
-11
Let c(m) = 2*m**2 - 21*m - 2. Give c(10).
-12
Let u(t) = -27*t + 27. Calculate u(5).
-108
Let n(y) = y**3 - 14*y**2 + 23*y - 4. Determine n(12).
-16
Let r(h) = -h**3 - 10*h**2 - 19. Give r(-10).
-19
Let k(v) = v**2 - 78*v - 785. Give k(-9).
-2
Let g(s) = -2*s + 144. Give g(75).
-6
Let p(s) = s**3 + 5*s**2 - 5*s + 13. Calculate p(-6).
7
Let v(h) = -h**3 + 2*h**2 + 2*h - 7. Determine v(3).
-10
Let t(y) = 12*y**3 + 2*y**2 - 2*y + 1. What is t(1)?
13
Let a(u) = -2*u**2 + 6*u - 2. Calculate a(5).
-22
Let n(o) = -o**3 + 10*o**2 - 2*o + 13. Give n(10).
-7
Let c(n) = 2*n**2 + 7*n + 10. What is c(-4)?
14
Let o(z) = 5*z - 124. Give o(26).
6
Let w(x) = -37*x + 1. Determine w(-1).
38
Let v(l) = -l**3 - 8*l**2 + 7*l - 20. Give v(-8).
-76
Let v(a) = -a**3 + a**2 + 4*a + 28. Determine v(0).
28
Let s(m) = -2*m**2 - 32*m - 1. What is s(-17)?
-35
Let n(d) = 35*d + 15. Calculate n(4).
155
Let f(x) = -x**3 - 14*x**2 - 13*x + 20. What is f(-13)?
20
Let c(t) = t**2 + 12*t - 20. Give c(-11).
-31
Let v(t) = -5*t + 2. What is v(13)?
-63
Let m(t) = -t**3 + 5*t**2 + 7*t - 13. Determine m(6).
-7
Let f(x) = 2*x + 3. Determine f(-15).
-27
Let q(p) = -p**2 + 20*p - 31. Determine q(18).
5
Let w(u) = -2*u**2 - 8*u - 1. What is w(-7)?
-43
Let q(o) = o**2 - 5*o + 2. Give q(3).
-4
Let p(j) = -3*j + 11. Give p(-6).
29
Let k(z) = -2*z**2 - 67*z - 102. Determine k(-31).
53
Let s(u) = 2*u**2 - 3*u + 9. Determine s(-4).
53
Let g(i) = -4*i - 18. Give g(0).
-18
Let b(k) = -k**3 - 2*k**2 + 2*k. Calculate b(0).
0
Let a(w) = w**3 - 9*w**2 + 13*w + 17. Give a(8).
57
Let v(g) = -2*g**3 - 23*g**2 + 13*g + 23. Determine v(-12).
11
Let t(k) = 27*k**3 + 133*k**2 - 10*k - 5. Determine t(-5).
-5
Let q(k) = 24*k**3 + 2*k**2 - 2*k + 1. Give q(1).
25
Let n(w) = -w**3 + 3*w**2 - 2*w + 8. Give n(3).
2
Let p(q) = q**3 + 20*q**2 - 24*q - 68. Calculate p(-21).
-5
Let q(w) = w**3 - 3*w**2 - 5*w - 37. Calculate q(5).
-12
Let w(p) = 8*p**2 + 91*p + 5. Give w(-11).
-28
Let b(d) = -d**3 + 22*d**2 - 15*d - 48. Calculate b(21).
78
Let m(n) = n**2 - 7*n + 13. Determine m(4).
1
Let n(g) = 6*g - 23. Calculate n(6).
13
Let y(t) = -2*t - 12. Determine y(-7).
2
Let z(f) = f**2 + 9*f + 10. What is z(-5)?
-10
Let c(v) = -6*v - 87. Give c(-18).
21
Let y(s) = -10*s + 21. Give y(-7).
91
Let w(c) = 9*c**2 + c - 1. What is w(-2)?
33
Let c(k) = k**3 - 4*k**2 - k + 7. Give c(3).
-5
Let a(f) = f**2 + 10*f + 11. What is a(-7)?
-10
Let y(w) = 6*w - 7. What is y(1)?
-1
Let f(l) = -l**3 - l**2 + 4*l. Give f(3).
-24
Let d(o) = -3*o**2 - 9*o + 53. Determine d(-6).
-1
Let p(k) = -k**2 + 8*k + 8. Calculate p(10).
-12
Let p(z) = 2*z**2 + 5*z + 4. Give p(-3).
7
Let q(a) = 5*a - 63. Calculate q(12).
-3
Let k(o) = -o**2 - 6*o - 1. What is k(-3)?
8
Let g(c) = -c**3 + 21*c**2 + 19*c + 74. Give g(22).
8
Let d(c) = -80*c**2 + 2*c. What is d(1)?
-78
Let g(m) = m**3 - 57*m**2 + 161*m + 64. What is g(54)?
10
Let n(w) = w**2 - 1. Give n(-1).
0
Let u(c) = 23*c + 146. What is u(-6)?
8
Let u(n) = -19*n + 56. Determine u(3).
-1
Let z(f) = -15*f**3 + f**2 + f + 1. What is z(-1)?
16
Let z(s) = -s - 18. Determine z(-8).
-10
Let z(q) = -q**3 - 5*q**2 + 8*q + 13. Calculate z(-6).
1
Let k(f) = -14*f - 183. What is k(0)?
-183
Let l(b) = b**3 + 6*b**2 + 3*b + 15. What is l(-6)?
-3
Let i(m) = 5*m**3 + m**2. Calculate i(2).
44
Let d(n) = -n**2 - 9*n - 2. Give d(-9).
-2
Let b(p) = 2*p**2 - 1. What is b(-3)?
17
Let l(c) = -c**3 + 5*c + 2. Determine l(-3).
14
Let v(o) = -15*o + 55. Determine v(3).
10
Let u(a) = a**2 - 12*a + 2. Calculate u(12).
2
Let k(z) = z**2 + 2*z - 3. Determine k(-3).
0
Let r(n) = 7*n + 14. Determine r(-3).
-7
Let n(w) = -33*w**3 - 2*w**2 - 2*w - 1. Give n(-1).
32
Let y(x) = -2*x - 8. Determine y(8).
-24
Let k(a) = 7*a**2 + 62*a + 11. Give k(-9).
20
Let q(g) = -g**2 - 17*g - 13. Determine q(-12).
47
Let f(v) = v**3 + 9*v**2 - 9*v. Calculate f(-10).
-10
Let b(l) = -l**3 - 7*l**2 + 2*l + 9. Determine b(-7).
-5
Let l(g) = g**2 - 6*g + 7. What is l(3)?
-2
Let n(j) = j**3 + 11*j**2 + 10*j - 6. Determine n(-10).
-6
Let r(b) = b**2 - 2*b + 3. What is r(0)?
3
Let v(a) = -a**2 - 5*a + 10. Calculate v(-8).
-14
Let j(y) = -y**2 + 8*y + 41. Determine j(12).
-7
Let m(r) = -r**3 + 15*r**2 - 34*r - 24. Determine m(12).
0
Let r(s) = s**2 - 13*s + 47. Determine r(6).
5
Let k(n) = -4*n**3 + 3*n**2 - 4*n + 5. Determine k(2).
-23
Let y(u) = -12*u + 21. Give y(2).
-3
Let d(h) = 4*h + 56. Determine d(-17).
-12
Let g(u) = 45*u + 223. Give g(-5).
-2
Let r(w) = -w**3 - 3*w**2 + 4*w + 1. Calculate r(-3).
-11
Let m(w) = 4*w + 12. Give m(-2).
4
Let f(u) = 6*u - 33. Calculate f(6).
3
Let u(w) = w**3 - 7*w**2 + 4*w - 4. Calculate u(6).
-16
Let s(f) = f**2 - 18*f - 27. Calculate s(17).
-44
Let m(x) = -x**3 - 13*x**2 - 5*x + 93. What is m(-12)?
9
Let a(d) = 3*d - 16. What is a(10)?
14
Let t(b) = -b**3 + 10*b**2 + 18*b + 25. What is t(11)?
102
Let j(c) = 4*c - 27. What is j(9)?
9
Let y(a) = -a**3 + 15*a**2 + 15*a - 15. Calculate y(16).
-31
Let l(z) = z**2 + 2